- (-14 - -22 - -4)).
-22
Evaluate 21 - (10 + -3 - -10).
4
What is (34 - 14) + -1 + -1?
18
(-21 - -11) + -17 + 11
-16
What is the value of 41 + -23 + -18 + (-26 - 0)?
-26
Evaluate -10 - (7 + -2 + -2 + -7 + 1).
-7
Evaluate (71 - 68) + (3 - 22).
-16
What is 4 + (4 - -7 - -3) - 11?
7
(-8 - (-8 + -4)) + -54 + 32
-18
Calculate 4 - (-16 + 16 - -4) - 12.
-12
Evaluate (-4 - -3) + -4 + 2 + -6 + 1.
-8
What is the value of (-12 - 5) + 18 + 11?
12
Evaluate 26 - 46 - -13 - 25.
-32
Calculate -8 - -1 - (-9 + -2 + 1 + 12).
-9
5 - ((-7 - -2) + (-11 - -12) - 4)
13
Evaluate 12 + -35 + 3 + -2.
-22
What is the value of 9 + -14 + 16 + 5?
16
-12 - (-24 - -1) - 6
5
Calculate (12 - 9) + 7 - 4 - -1.
7
What is 2 + (-11 + 5 - 5)?
-9
What is 18 + -8 + -47 - (14 - 25)?
-26
Evaluate 4 + 5 + 5 - (4 + -3 - -3).
10
What is the value of 2 + (-9 - 1) - (67 + -70)?
-5
Evaluate 0 - (-1 + -5) - (-32 + (-32 - -66)).
4
Calculate 3 + -4 + -15 - -17.
1
Evaluate (-6 - -20) + -7 - (9 + 9 - 14).
3
-21 + (34 - (3 + 19))
-9
What is the value of 0 + 23 + (2074 - 2107)?
-10
Calculate 7 + -4 + (3 - 2) + (7 - 8).
3
Calculate (-26 - -22 - (-22 + -2 - -6)) + -5.
9
What is the value of (-9 + (-10 - -27) - (-1 - 11)) + -4?
16
What is -10 - (9 - (-4 + 16) - 3)?
-4
What is the value of -19 - -2 - (52 - 62)?
-7
Evaluate -13 + (-1 - -5 - (-3 + -2 - -2)).
-6
What is 13 + 19 - 63 - -18?
-13
0 - (9 + 0 + -10 + -6)
7
Calculate (-1 - -13) + 127 + -136.
3
What is the value of 106 - 116 - ((0 - 0) + 8)?
-18
Evaluate 11 + -42 + (2 - (-1 + 1 + 2)).
-31
Calculate -4 - (-1 - (-2 - -7 - 1)).
1
What is the value of 80 + -110 + 20 + (38 + 1 - 1)?
28
(-5 - -10) + -10 - -6
1
What is the value of 0 + 0 + 0 + (1538 - 1540)?
-2
Calculate -18 + 8 + -4 - -23.
9
What is the value of -1 + 7 - (-12 + 11 + (-3 - 2))?
12
Calculate (2 + 0 - -1) + (-103 + 184 - 59).
25
What is -4 + (1 + 2 - (2 - -4 - 1))?
-6
Evaluate (-912 - -919) + (2 + 1 + -2 - 16).
-8
Evaluate -1 - (3 - (3 + 1 - (-4 + 5))).
-1
What is 22 - (5 + (9 + -7 - 3)) - 4?
14
Evaluate 7 + -32 - (-27 - -27).
-25
What is -15 + 17 + (37 - 41) + 0 + 5?
3
Evaluate 1 - (-10 + 1 - -4).
6
(62 - 105) + 52 - ((0 - 1) + -6)
16
Evaluate 7 + (-55 + 32 + 25 - (-1 + 12)).
-2
10 - (17 + -5 + -13) - 22
-11
Calculate -1 - ((15 - -2) + 0 + (-6 - -1)).
-13
-65 + (-9 - -8) + 33
-33
What is (11 + -3 - 7) + 0 + (-1 - 16)?
-16
Evaluate -12 + 1 - (-42 - -42) - (0 - -1).
-12
Calculate (71 - 61 - (-2 - -18)) + 7.
1
Calculate -17 + 10 - (-4 - (-12 + 4)).
-11
What is the value of 23 - 6 - (77 - 42) - 1?
-19
-1 + -10 + -2 + 27 + -3 + -18
-7
What is the value of (-6 - 0 - (-254 + 243)) + 0 + -19?
-14
Calculate 3 - 5 - ((7 - 2 - 7) + 0).
0
Calculate (-25 + -4 - -4) + (-3 - -6) + 0.
-22
Evaluate (-1 - 6) + (-12 - -48 - 25).
4
Calculate 10 + -2 + -8 + -3 - 3.
-6
Calculate 7 + 11 + (-27 - -10) - -2.
3
Evaluate 0 - 2 - (1 - 2 - -10) - -2.
-9
Calculate -10 + 10 + -31 + 8 - (-8 + 1).
-16
(22 - -14 - 8) + -19
9
Evaluate 27 - -9 - 28 - (7 - 0) - -20.
21
What is (-7 - 1) + 70 + -65?
-3
What is the value of (-11 - -7) + (-11 - (31 + -14))?
-32
What is 46 - (6 + 23 + -1 + -17)?
35
What is 1 + 7 + (369 - 387) + (0 - 6)?
-16
5 - (2 + -4 - (-6 - (-4 - -1)))
4
Evaluate 15 + (3 - 17 - 8).
-7
-15 - (17 - 16) - -13
-3
3 + -1 + (13 - (11 + -3) - -6)
13
What is 15 - 34 - -1 - -6?
-12
Evaluate -16 - -13 - (0 - 1 - (16 + -2)).
12
-29 - (-16 + 12 - 29)
4
What is 29 - 36 - (-5 + -1 + -1)?
0
21 - (-12 - (24 - 62))
-5
What is -1 - 3 - ((326 - 316) + 1 + -3)?
-12
(1 + 10 - (-15 + 23)) + -15 - -9
-3
Evaluate 4 + (-2 - (-3 - -8)).
-3
What is the value of 0 + -14 - ((9 - 3) + (6 - 20))?
-6
Calculate (-2 + 10 - 8) + 1.
1
What is -6 + (-1 + 8 - 0) - 0?
1
What is 4 - (15 + -8 + (1 - 5))?
1
-22 - (12 + -5 + -16)
-13
What is the value of 2 + -18 - (11 + -2 + -9)?
-16
What is (25 - 36) + 2 - (1 + 9)?
-19
What is the value of -1 - 7 - (-17 + 11 + 0 + -11)?
9
(6 - 2) + 0 + (-25 - (-77 - -55))
1
What is the value of -14 - (7 + 0 + -17) - 1?
-5
What is -25 + (-26 + 41 - 12)?
-22
(3 - 5 - 2) + 3 - (18 - 12)
-7
Evaluate 5 + 11 + -6 - -2.
12
What is the value of 15 + -37 + 32 + -24?
-14
-8 + (2 + -1 + (-7 - 3) - -39)
22
What is 7 + 2 + -14 - 5?
-10
-5 + (9 + 1 - -6) + 4
15
What is (17 + -24 - (-1 + 2)) + 17?
9
Evaluate -6 - 30 - -8 - -5.
-23
Evaluate 1 - 7 - (78 - 69).
-15
Evaluate -8 + 8 - (1 + 1 - 9).
7
What is -220 + 239 + (0 - (6 - 3))?
16
What is (260 - 271) + 18 + 1?
8
Calculate -26 + (25 - 11) - (8 + 6).
-26
-6 - (11 + -3 + -6 + 8)
-16
What is the value of (8 - 19 - -4) + -5 + 2 + -16?
-26
Calculate 2 + -2 + 18 + -14.
4
What is the value of -62 + 64 + (-11 - -1) + 12?
4
22 + -8 + -6 - 30 - -8
-14
16 + (-5 - 3) - -4
12
Calculate -7 - -10 - (21 + -20).
2
What is 1 - (11 + -10 + 0 - 0)?
0
What is the value of -9 - (-27 - -14 - 3)?
7
What is the value of -49 - -46 - (-7 - (1 - 0))?
5
13 - 13 - (0 + -1 + 1 - 3)
3
Evaluate 1 + -1 + (-1 - -7) + -16.
-10
What is -17 - -22 - -16 - 28?
-7
19 + (-38 - 15) - -19
-15
Calculate 383 + -362 + -18 + 0.
3
What is 0 - (-4 + (8 - (-2 + 1 - -1)))?
-4
What is the value of (-12 + 49 - 15) + (-1 - -2)?
23
Evaluate (15 - -2) + -5 + -19.
-7
3 - (7 - (8 - 14)) - -25
15
What is the value of 1 - (-17 - (-16 + 2)) - 10?
-6
Calculate 12 - 11 - -4 - 5 - -7.
7
Calculate (7 + 14 - 11) + (-3 - 2).
5
-82 + 45 - -16 - 0
-21
5 + 3 + 2 + (3 - -3)
16
-9 - (-2 - -10 - 26)
9
Evaluate (26 - 32) + (2 - 1 - 3).
-8
Evaluate -10 - (10 + -8) - -17.
5
What is the value of 2 + (-2 - (6 - 9) - (-4 - 1))?
8
Calculate (-3 - -9) + (-6 - (-1 - 4)).
5
Calculate -15 + (1 + 0 + -3 - -3).
-14
Calculate -8 + (-14 - -5) + 8 + 1.
-8
What is 4 - (15 - 7) - -2 - (-12 - -1)?
9
Calculate -37 - (-14 - (30 - 37)).
-30
What is 5 - (12 - ((-4 - 0) + 4 - -3))?
-4
-68 - -70 - (0 + -4)
6
4 - (-21 + 17 + (21 - (-2 - -3)))
-12
What is the value of 9 + (-25 - 19) - -42?
7
What is 6 - ((3 + -8 - -6) + 14)?
-9
(0 - 4) + (7 - (31 + -22))
-6
-265 + 272 + -3 + (-8 - 1)
-5
Evaluate (2 - 2) + 4 + -1 + 0 + -6.
-3
Calculate (-401 - -413) + -13 + 0.
-1
Evaluate (38 - 37) + 24 - 4.
21
What is the value of 10 + -2 - ((35 - 17) + -4 + -6)?
0
10 + 11 - (-4 + 22)
3
Calculate (-10 - -1) + (15 + -23 - 1) + -8.
-26
What is the value of -16 + (14 - -2 - 5) + 1 + -6?
-10
13 - 21 - (10 + -14)
-4
What is 10 + 7 + (-11 - -6 - 0)?
12
Evaluate -8 + 8 + -3 + 9 - 13 - 14.
-21
What is 0 - (2 + -3) - (-20 - 2 - -37)?
-14
7 + 8 + 7 + -14 + (4 - -1)
13
What is the value of -19 - -20 - 12 - (1 - -2)?
-14
Calculate 22 + (0 - 11) - 11.
0
Calculate -16 + 18 + -16 + 1.
-13
What is -10 + 12 + (4 - 7 - -9)?
8
What is the value of (-5 - (-11 + (18 - 7))) + -4?
-9
What is the value of -1 - (-7 - (-11 + -7))?
-12
Calculate (5 - 12) + 4 + 6 + -12 + 13.
4
What is -12 + (2 + 3 + 4 - 4)?
-7
What is the value of -7 - (8 + 0 + (2 - 8)) - 2?
-11
(-6 + 2 - (-4 - 2)) + (-8 - -11)
5
What is 49 + (28 + -28 - 28)?
21
Evaluate -3 + 55 + -28 + -24 + 33 + 1.
34
Calculate -6 - ((6 - -16) + -10).
-18
Calculate 0 + -16 + (22 - 11) - 0 - -12.
7
Evaluate -2 + 1 + -1 - 10 - (-3530 - -3495).
23
What is the value of -8 - (-4 - (12 - 6))?
2
Evaluate -3 + 5 + (-7 - (15 - 14)).
-6
(2 - 17) + (-11 - (5 - 8 - 10))
-13
Evaluate 39 + -23 - (-2 + 4 - -4).
10
22 + 15 + -31 + -17
-11
What is 12 + -2 - (17 - 63 - -38)?
18
What is the value of -15 + 11 + 33 + -18?
11
Evaluate (-24 + 34 - 29) + 21.
2
What is -11 + (-10 + 4 + 4 - -9)?
-4
Evaluate 3 + (8 + (-4 - 0) - 5) + -25.
-23
Evaluate -5 - -14 - 8 - (31 + -6).
-24
What is the value of 3 + -16 + (0 + -5 - (-91 + 88))?
-15
What is (23 - (-8 - -28)) + -11 + 2?
-6
Calculate (18 - -47) + -35 - 30.
0
-4 + (2 + 2 - (16 - 17)) + 1
2
Evaluate -1 - (3 - -7 - -3 - 10).
-4
What is the value of 0 + -6 - (-10 - -11) - 1 - -34?
26
What is (-50 - (-76 - -37)) + (1 - 6) + 1?
-15
-1 - (1 - (-8 + 13)) - (18 - -19)
-34
What is -10 + 8 + (-33 - -26)?
-9
Evaluate 9 + -1 + -1067 + 1066.
7
What is (-3 - -13) + 1 + 2 - -4?
17
Evaluate 4 + 1 - (-38 - (-7 + -25)).
11
(11 + -5 - 6) + 5
5
Evaluate 0 - (2 - 7 - (3 + (-2 - 0))).
6
(10 - (-18 + 7 + 0)) + 5 - 7
19
What is (-46 - -49) + 4 + 2?
9
Evaluate 10 - (0 - -11) - (3 - (0 + 16)).
12
What is the value of (45 - 15 - 14) + 2 + (-2 - 0)?
16
(47 + 28 - 15) + -23
37
-3 - (-12 - (1 + -16))
-6
Evaluate 0 - (6 + -1 + -5 + 8).
-8
Calculate 26 - 22 - (-7 - (-4 - (5 +